{"id":19,"date":"2022-05-19T11:08:07","date_gmt":"2022-05-19T11:08:07","guid":{"rendered":"https:\/\/groups.tecnico.ulisboa.pt\/~spl.daemon\/?page_id=19"},"modified":"2026-02-19T14:25:04","modified_gmt":"2026-02-19T14:25:04","slug":"conferencia","status":"publish","type":"page","link":"https:\/\/groups.tecnico.ulisboa.pt\/~spl.daemon\/conferencia\/","title":{"rendered":"Confer\u00eancia &#8220;Days in Logic&#8221;"},"content":{"rendered":"\n<p>Por decis\u00e3o dos fundadores da confer\u00eancia Days in Logic, Fernando Ferreira e Lu\u00eds Pinto, a partir de 2024 a realiza\u00e7\u00e3o deste evento  passa a estar a cargo da Sociedade Portuguesa de L\u00f3gica SPL, de dois em dois anos. A pr\u00f3xima edi\u00e7\u00e3o ter\u00e1 lugar na Universidade de \u00c9vora em 2028.<\/p>\n\n\n\n<p><\/p>\n\n\n\n<p>  Edi\u00e7\u00f5es anteriores da Confer\u00eancia &#8220;Days in Logic&#8221; <a href=\"https:\/\/groups.tecnico.ulisboa.pt\/~spl.daemon\/en\/conference\/\" data-type=\"link\" data-id=\"https:\/\/groups.tecnico.ulisboa.pt\/~spl.daemon\/en\/conference\/\">aqui<\/a>.<\/p>\n","protected":false},"excerpt":{"rendered":"<p>Por decis\u00e3o dos fundadores da confer\u00eancia Days in Logic, Fernando Ferreira e Lu\u00eds Pinto, a partir de 2024 a realiza\u00e7\u00e3o deste evento passa a estar a cargo da Sociedade Portuguesa de L\u00f3gica SPL, de dois em dois anos. A pr\u00f3xima edi\u00e7\u00e3o ter\u00e1 lugar na Universidade de \u00c9vora em 2028. Edi\u00e7\u00f5es anteriores da Confer\u00eancia &#8220;Days in &hellip;<\/p>\n<p class=\"read-more\"> <a class=\"\" href=\"https:\/\/groups.tecnico.ulisboa.pt\/~spl.daemon\/conferencia\/\"> <span class=\"screen-reader-text\">Confer\u00eancia &#8220;Days in Logic&#8221;<\/span> Read More &raquo;<\/a><\/p>\n","protected":false},"author":1,"featured_media":0,"parent":0,"menu_order":0,"comment_status":"closed","ping_status":"closed","template":"","meta":{"site-sidebar-layout":"default","site-content-layout":"default","ast-global-header-display":"","ast-main-header-display":"","ast-hfb-above-header-display":"","ast-hfb-below-header-display":"","ast-hfb-mobile-header-display":"","site-post-title":"","ast-breadcrumbs-content":"","ast-featured-img":"","footer-sml-layout":"","theme-transparent-header-meta":"","adv-header-id-meta":"","stick-header-meta":"","header-above-stick-meta":"","header-main-stick-meta":"","header-below-stick-meta":"","footnotes":""},"_links":{"self":[{"href":"https:\/\/groups.tecnico.ulisboa.pt\/~spl.daemon\/wp-json\/wp\/v2\/pages\/19"}],"collection":[{"href":"https:\/\/groups.tecnico.ulisboa.pt\/~spl.daemon\/wp-json\/wp\/v2\/pages"}],"about":[{"href":"https:\/\/groups.tecnico.ulisboa.pt\/~spl.daemon\/wp-json\/wp\/v2\/types\/page"}],"author":[{"embeddable":true,"href":"https:\/\/groups.tecnico.ulisboa.pt\/~spl.daemon\/wp-json\/wp\/v2\/users\/1"}],"replies":[{"embeddable":true,"href":"https:\/\/groups.tecnico.ulisboa.pt\/~spl.daemon\/wp-json\/wp\/v2\/comments?post=19"}],"version-history":[{"count":31,"href":"https:\/\/groups.tecnico.ulisboa.pt\/~spl.daemon\/wp-json\/wp\/v2\/pages\/19\/revisions"}],"predecessor-version":[{"id":1031,"href":"https:\/\/groups.tecnico.ulisboa.pt\/~spl.daemon\/wp-json\/wp\/v2\/pages\/19\/revisions\/1031"}],"wp:attachment":[{"href":"https:\/\/groups.tecnico.ulisboa.pt\/~spl.daemon\/wp-json\/wp\/v2\/media?parent=19"}],"curies":[{"name":"wp","href":"https:\/\/api.w.org\/{rel}","templated":true}]}}